{"id":6811,"date":"2022-01-24T13:20:15","date_gmt":"2022-01-24T16:20:15","guid":{"rendered":"https:\/\/reluzdistribuidora.com.br\/loja\/?post_type=product&#038;p=6811"},"modified":"2023-03-06T10:55:17","modified_gmt":"2023-03-06T13:55:17","slug":"beard-balm-styling-cream-vita-hominis-110g-grandha","status":"publish","type":"product","link":"https:\/\/reluzdistribuidora.com.br\/loja\/produto\/beard-balm-styling-cream-vita-hominis-110g-grandha\/","title":{"rendered":"Beard Balm Styling Cream Vita Hominis 110g &#8211; Grandha"},"content":{"rendered":"<p>A linha Vita Hominis \u00e9 a linha masculina da Grandha para barba e cabelo. A verdadeira ess\u00eancia do homem, traduzida numa experi\u00eancia elegante e sofisticada.<\/p>\n<p><strong>Beard Balm Styling Cream Vita Hominis\u00a0<\/strong>b\u00e1lsamo hidratante e modelador da barba. Possui concentra\u00e7\u00f5es cuidadosamente balanceadas de \u00f3leos essenciais de s\u00e2ndalo e patchouli, al\u00e9m de um toque especial do \u00f3leo essencial de bergamota. Brilho, sedosidade e textura otimizadas para a barba marcante e mais forte do homem urbano.<\/p>\n","protected":false},"excerpt":{"rendered":"<p>A linha Vita Hominis \u00e9 a linha masculina da Grandha para barba e cabelo. A verdadeira ess\u00eancia do homem, traduzida numa experi\u00eancia elegante e sofisticada. Beard Balm Styling Cream Vita Hominis\u00a0b\u00e1lsamo hidratante e modelador da barba. Possui concentra\u00e7\u00f5es cuidadosamente balanceadas de \u00f3leos essenciais de s\u00e2ndalo e patchouli, al\u00e9m de um toque especial do \u00f3leo essencial [&hellip;]<\/p>\n","protected":false},"featured_media":6812,"comment_status":"open","ping_status":"closed","template":"","meta":[],"product_cat":[489],"product_tag":[],"_links":{"self":[{"href":"https:\/\/reluzdistribuidora.com.br\/loja\/wp-json\/wp\/v2\/product\/6811"}],"collection":[{"href":"https:\/\/reluzdistribuidora.com.br\/loja\/wp-json\/wp\/v2\/product"}],"about":[{"href":"https:\/\/reluzdistribuidora.com.br\/loja\/wp-json\/wp\/v2\/types\/product"}],"replies":[{"embeddable":true,"href":"https:\/\/reluzdistribuidora.com.br\/loja\/wp-json\/wp\/v2\/comments?post=6811"}],"version-history":[{"count":1,"href":"https:\/\/reluzdistribuidora.com.br\/loja\/wp-json\/wp\/v2\/product\/6811\/revisions"}],"predecessor-version":[{"id":7870,"href":"https:\/\/reluzdistribuidora.com.br\/loja\/wp-json\/wp\/v2\/product\/6811\/revisions\/7870"}],"wp:featuredmedia":[{"embeddable":true,"href":"https:\/\/reluzdistribuidora.com.br\/loja\/wp-json\/wp\/v2\/media\/6812"}],"wp:attachment":[{"href":"https:\/\/reluzdistribuidora.com.br\/loja\/wp-json\/wp\/v2\/media?parent=6811"}],"wp:term":[{"taxonomy":"product_cat","embeddable":true,"href":"https:\/\/reluzdistribuidora.com.br\/loja\/wp-json\/wp\/v2\/product_cat?post=6811"},{"taxonomy":"product_tag","embeddable":true,"href":"https:\/\/reluzdistribuidora.com.br\/loja\/wp-json\/wp\/v2\/product_tag?post=6811"}],"curies":[{"name":"wp","href":"https:\/\/api.w.org\/{rel}","templated":true}]}}