{"id":3884,"date":"2020-10-19T11:43:54","date_gmt":"2020-10-19T14:43:54","guid":{"rendered":"https:\/\/reluzdistribuidora.com.br\/loja\/?post_type=product&#038;p=3884"},"modified":"2023-04-10T12:30:04","modified_gmt":"2023-04-10T15:30:04","slug":"sabonete-hidratante-de-acao-antisseptica-500ml-grandha","status":"publish","type":"product","link":"https:\/\/reluzdistribuidora.com.br\/loja\/produto\/sabonete-hidratante-de-acao-antisseptica-500ml-grandha\/","title":{"rendered":"Sabonete Hidratante de A\u00e7\u00e3o Antiss\u00e9ptica 500ml &#8211; Grandha"},"content":{"rendered":"<p>O <strong>Sabonete Hidratante de A\u00e7\u00e3o Antiss\u00e9ptica<\/strong> de Alkymia di Grandha promove limpeza hidratante com a\u00e7\u00e3o antiss\u00e9ptica de alto desempenho, por meio do sistema fitodin\u00e2mico de tripla prote\u00e7\u00e3o, com 3 poderosos \u00f3leos essenciais, conjugados a uma matriz de tensoativos cuidadosamente distribu\u00eddos para promover limpeza efetiva, sensa\u00e7\u00e3o de conforto e toque macio na pele. Produto especialmente desenvolvido para a garantia de qualidade dos procedimentos e protocolos de biosseguran\u00e7a nas terapias integrativas.<\/p>\n<h4>Possui \u00d3leos Essenciais de<\/h4>\n<div class=\"info-box-content\">\n<ul>\n<li>Melaleuca<\/li>\n<li>Cravo Folha<\/li>\n<li>Funcho Doce<\/li>\n<\/ul>\n<\/div>\n","protected":false},"excerpt":{"rendered":"<p>O Sabonete Hidratante de A\u00e7\u00e3o Antiss\u00e9ptica de Alkymia di Grandha promove limpeza hidratante com a\u00e7\u00e3o antiss\u00e9ptica de alto desempenho, por meio do sistema fitodin\u00e2mico de tripla prote\u00e7\u00e3o, com 3 poderosos \u00f3leos essenciais, conjugados a uma matriz de tensoativos cuidadosamente distribu\u00eddos para promover limpeza efetiva, sensa\u00e7\u00e3o de conforto e toque macio na pele. Produto especialmente desenvolvido [&hellip;]<\/p>\n","protected":false},"featured_media":3885,"comment_status":"open","ping_status":"closed","template":"","meta":[],"product_cat":[489],"product_tag":[],"_links":{"self":[{"href":"https:\/\/reluzdistribuidora.com.br\/loja\/wp-json\/wp\/v2\/product\/3884"}],"collection":[{"href":"https:\/\/reluzdistribuidora.com.br\/loja\/wp-json\/wp\/v2\/product"}],"about":[{"href":"https:\/\/reluzdistribuidora.com.br\/loja\/wp-json\/wp\/v2\/types\/product"}],"replies":[{"embeddable":true,"href":"https:\/\/reluzdistribuidora.com.br\/loja\/wp-json\/wp\/v2\/comments?post=3884"}],"version-history":[{"count":1,"href":"https:\/\/reluzdistribuidora.com.br\/loja\/wp-json\/wp\/v2\/product\/3884\/revisions"}],"predecessor-version":[{"id":7423,"href":"https:\/\/reluzdistribuidora.com.br\/loja\/wp-json\/wp\/v2\/product\/3884\/revisions\/7423"}],"wp:featuredmedia":[{"embeddable":true,"href":"https:\/\/reluzdistribuidora.com.br\/loja\/wp-json\/wp\/v2\/media\/3885"}],"wp:attachment":[{"href":"https:\/\/reluzdistribuidora.com.br\/loja\/wp-json\/wp\/v2\/media?parent=3884"}],"wp:term":[{"taxonomy":"product_cat","embeddable":true,"href":"https:\/\/reluzdistribuidora.com.br\/loja\/wp-json\/wp\/v2\/product_cat?post=3884"},{"taxonomy":"product_tag","embeddable":true,"href":"https:\/\/reluzdistribuidora.com.br\/loja\/wp-json\/wp\/v2\/product_tag?post=3884"}],"curies":[{"name":"wp","href":"https:\/\/api.w.org\/{rel}","templated":true}]}}