{"id":190,"date":"2018-05-21T15:07:17","date_gmt":"2018-05-21T18:07:17","guid":{"rendered":"http:\/\/reluzdistribuidora.com.br\/loja\/?post_type=product&#038;p=190"},"modified":"2023-04-10T12:57:44","modified_gmt":"2023-04-10T15:57:44","slug":"revitamax-shampoo-300ml","status":"publish","type":"product","link":"https:\/\/reluzdistribuidora.com.br\/loja\/produto\/revitamax-shampoo-300ml\/","title":{"rendered":"Revitamax Shampoo 300ml -Grandha"},"content":{"rendered":"<h1>Revitamax Home Care<\/h1>\n<p>A linha <strong>Revitamax Home Care<\/strong> foi desenvolvida com o objetivo de <strong>fortalecer e revitalizar<\/strong> a estrutura do cabelo <strong>danificado e do cabelo poroso<\/strong>. Possui uma formula\u00e7\u00e3o leve e de alto potencial hidratante, especialmente concebida para suprir as necessidades vitais dos cabelos.<\/p>\n<p>O Shampoo Revitamax 300ml \u00e9 um produto\u00a0vers\u00e1til de manuten\u00e7\u00e3o di\u00e1ria para todo tipo de cabelo, especialmente indicado para cabelos alisados com Tioglicolato de Am\u00f4nio.<\/p>\n<p><strong>Principais Ativos<\/strong><\/p>\n<ul>\n<li>Prote\u00ednas do Trigo<\/li>\n<li>Manteiga de Tucum\u00e3<\/li>\n<li>Pept\u00eddeos de Queratina<\/li>\n<\/ul>\n","protected":false},"excerpt":{"rendered":"<p>O Shampoo Revitamax 300ml \u00e9 um produto\u00a0vers\u00e1til de manuten\u00e7\u00e3o di\u00e1ria para todo tipo de cabelo, especialmente indicado para cabelos alisados, danificados e porosos.<\/p>\n","protected":false},"featured_media":191,"comment_status":"open","ping_status":"closed","template":"","meta":[],"product_cat":[491],"product_tag":[55,29,46,58,336,57],"_links":{"self":[{"href":"https:\/\/reluzdistribuidora.com.br\/loja\/wp-json\/wp\/v2\/product\/190"}],"collection":[{"href":"https:\/\/reluzdistribuidora.com.br\/loja\/wp-json\/wp\/v2\/product"}],"about":[{"href":"https:\/\/reluzdistribuidora.com.br\/loja\/wp-json\/wp\/v2\/types\/product"}],"replies":[{"embeddable":true,"href":"https:\/\/reluzdistribuidora.com.br\/loja\/wp-json\/wp\/v2\/comments?post=190"}],"version-history":[{"count":1,"href":"https:\/\/reluzdistribuidora.com.br\/loja\/wp-json\/wp\/v2\/product\/190\/revisions"}],"predecessor-version":[{"id":7502,"href":"https:\/\/reluzdistribuidora.com.br\/loja\/wp-json\/wp\/v2\/product\/190\/revisions\/7502"}],"wp:featuredmedia":[{"embeddable":true,"href":"https:\/\/reluzdistribuidora.com.br\/loja\/wp-json\/wp\/v2\/media\/191"}],"wp:attachment":[{"href":"https:\/\/reluzdistribuidora.com.br\/loja\/wp-json\/wp\/v2\/media?parent=190"}],"wp:term":[{"taxonomy":"product_cat","embeddable":true,"href":"https:\/\/reluzdistribuidora.com.br\/loja\/wp-json\/wp\/v2\/product_cat?post=190"},{"taxonomy":"product_tag","embeddable":true,"href":"https:\/\/reluzdistribuidora.com.br\/loja\/wp-json\/wp\/v2\/product_tag?post=190"}],"curies":[{"name":"wp","href":"https:\/\/api.w.org\/{rel}","templated":true}]}}