{"id":181,"date":"2018-05-21T14:08:47","date_gmt":"2018-05-21T17:08:47","guid":{"rendered":"http:\/\/reluzdistribuidora.com.br\/loja\/?post_type=product&#038;p=181"},"modified":"2023-03-06T13:54:12","modified_gmt":"2023-03-06T16:54:12","slug":"tonific-baba-daloe-200g","status":"publish","type":"product","link":"https:\/\/reluzdistribuidora.com.br\/loja\/produto\/tonific-baba-daloe-200g\/","title":{"rendered":"Tonific Baba D&#8217;Aloe 200g -Grandha"},"content":{"rendered":"<div class=\"wpb_text_column wpb_content_element \">\n<div class=\"wpb_wrapper\">\n<h1>Tonific Flores &amp; Vegetais<\/h1>\n<p>O kit <strong>Tonific<\/strong>, da linha de terapia capilar, <strong>Flores e Vegetais<\/strong>, \u00e9 a cl\u00e1ssica associa\u00e7\u00e3o dos extratos concentrados de <strong>aloe vera\u00a0<\/strong>e\u00a0<strong>ginseng<\/strong>, com um toque de <strong>\u00f3leo essencial de alecrim<\/strong> para tonificar e fortalecer os cabelos.<\/p>\n<\/div>\n<\/div>\n<div class=\"wpb_text_column wpb_content_element \">\n<div class=\"wpb_wrapper\">\n<ul>\n<li>Tonifica\u00e7\u00e3o e fortalecimento dos cabelos<\/li>\n<\/ul>\n<p><strong>Principais Ativos<\/strong><\/p>\n<ul>\n<li>Aloe Vera<\/li>\n<li>Alecrim<\/li>\n<li>Ginseng<\/li>\n<\/ul>\n<\/div>\n<\/div>\n","protected":false},"excerpt":{"rendered":"<p>O Tonific Baba D&#8217;Aloe \u00e9 especialmente utilizado na tonifica\u00e7\u00e3o e fortalecimento dos cabelos. Ideal para ser usado em conjunto com o Kit Tonific Flores &amp; Vegetais.<\/p>\n","protected":false},"featured_media":2650,"comment_status":"open","ping_status":"closed","template":"","meta":[],"product_cat":[491],"product_tag":[30,35,56,42,55,29,46,336,36],"_links":{"self":[{"href":"https:\/\/reluzdistribuidora.com.br\/loja\/wp-json\/wp\/v2\/product\/181"}],"collection":[{"href":"https:\/\/reluzdistribuidora.com.br\/loja\/wp-json\/wp\/v2\/product"}],"about":[{"href":"https:\/\/reluzdistribuidora.com.br\/loja\/wp-json\/wp\/v2\/types\/product"}],"replies":[{"embeddable":true,"href":"https:\/\/reluzdistribuidora.com.br\/loja\/wp-json\/wp\/v2\/comments?post=181"}],"version-history":[{"count":1,"href":"https:\/\/reluzdistribuidora.com.br\/loja\/wp-json\/wp\/v2\/product\/181\/revisions"}],"predecessor-version":[{"id":7505,"href":"https:\/\/reluzdistribuidora.com.br\/loja\/wp-json\/wp\/v2\/product\/181\/revisions\/7505"}],"wp:featuredmedia":[{"embeddable":true,"href":"https:\/\/reluzdistribuidora.com.br\/loja\/wp-json\/wp\/v2\/media\/2650"}],"wp:attachment":[{"href":"https:\/\/reluzdistribuidora.com.br\/loja\/wp-json\/wp\/v2\/media?parent=181"}],"wp:term":[{"taxonomy":"product_cat","embeddable":true,"href":"https:\/\/reluzdistribuidora.com.br\/loja\/wp-json\/wp\/v2\/product_cat?post=181"},{"taxonomy":"product_tag","embeddable":true,"href":"https:\/\/reluzdistribuidora.com.br\/loja\/wp-json\/wp\/v2\/product_tag?post=181"}],"curies":[{"name":"wp","href":"https:\/\/api.w.org\/{rel}","templated":true}]}}