{"id":137,"date":"2018-05-21T10:52:57","date_gmt":"2018-05-21T13:52:57","guid":{"rendered":"http:\/\/reluzdistribuidora.com.br\/loja\/?post_type=product&#038;p=137"},"modified":"2024-03-06T09:11:12","modified_gmt":"2024-03-06T12:11:12","slug":"fine-herbal-shampoo-250ml","status":"publish","type":"product","link":"https:\/\/reluzdistribuidora.com.br\/loja\/produto\/fine-herbal-shampoo-250ml\/","title":{"rendered":"Fine Herbal Shampoo 250ml -Grandha"},"content":{"rendered":"<div class=\"wpb_text_column wpb_content_element \">\n<div class=\"wpb_wrapper\">\n<h1>Fito Capillus<\/h1>\n<p>Ideal quando utilizado como <strong>primeiro procedimento no tratamento de condi\u00e7\u00f5es patol\u00f3gicas do sistema capilar<\/strong>, sendo gen\u00e9ticas ou n\u00e3o, tais como a <strong>alopecia androgen\u00e9tica<\/strong> e casos gerais de <strong>calv\u00edcie<\/strong>.<\/p>\n<\/div>\n<\/div>\n<div class=\"wpb_text_column wpb_content_element \">\n<div class=\"wpb_wrapper\">\n<ul>\n<li><strong>Fitoterapia dermato-funcional\u00a0<\/strong>para\u00a0<strong>desobstru\u00e7\u00e3o e regula\u00e7\u00e3o\u00a0<\/strong>piloseb\u00e1cea.<\/li>\n<\/ul>\n<p><strong>Principais Ativos<\/strong><\/p>\n<ul>\n<li>Extratos Vegetais<\/li>\n<li>Geleia de Ervas Finas<\/li>\n<\/ul>\n<\/div>\n<\/div>\n","protected":false},"excerpt":{"rendered":"<p>O Fine Herbal Shampoo exerce uma\u00a0funcionalidade fitoter\u00e1pica para calv\u00edcie, alopecia, caspas e dist\u00farbios do couro cabeludo.<\/p>\n","protected":false},"featured_media":8307,"comment_status":"open","ping_status":"closed","template":"","meta":[],"product_cat":[491],"product_tag":[37,38,40,29,336,41,34],"_links":{"self":[{"href":"https:\/\/reluzdistribuidora.com.br\/loja\/wp-json\/wp\/v2\/product\/137"}],"collection":[{"href":"https:\/\/reluzdistribuidora.com.br\/loja\/wp-json\/wp\/v2\/product"}],"about":[{"href":"https:\/\/reluzdistribuidora.com.br\/loja\/wp-json\/wp\/v2\/types\/product"}],"replies":[{"embeddable":true,"href":"https:\/\/reluzdistribuidora.com.br\/loja\/wp-json\/wp\/v2\/comments?post=137"}],"version-history":[{"count":1,"href":"https:\/\/reluzdistribuidora.com.br\/loja\/wp-json\/wp\/v2\/product\/137\/revisions"}],"predecessor-version":[{"id":7522,"href":"https:\/\/reluzdistribuidora.com.br\/loja\/wp-json\/wp\/v2\/product\/137\/revisions\/7522"}],"wp:featuredmedia":[{"embeddable":true,"href":"https:\/\/reluzdistribuidora.com.br\/loja\/wp-json\/wp\/v2\/media\/8307"}],"wp:attachment":[{"href":"https:\/\/reluzdistribuidora.com.br\/loja\/wp-json\/wp\/v2\/media?parent=137"}],"wp:term":[{"taxonomy":"product_cat","embeddable":true,"href":"https:\/\/reluzdistribuidora.com.br\/loja\/wp-json\/wp\/v2\/product_cat?post=137"},{"taxonomy":"product_tag","embeddable":true,"href":"https:\/\/reluzdistribuidora.com.br\/loja\/wp-json\/wp\/v2\/product_tag?post=137"}],"curies":[{"name":"wp","href":"https:\/\/api.w.org\/{rel}","templated":true}]}}