{"id":116,"date":"2018-05-16T20:53:11","date_gmt":"2018-05-16T23:53:11","guid":{"rendered":"http:\/\/reluzdistribuidora.com.br\/loja\/?post_type=product&#038;p=116"},"modified":"2023-03-06T14:19:26","modified_gmt":"2023-03-06T17:19:26","slug":"dry-confort-shampoo-300ml","status":"publish","type":"product","link":"https:\/\/reluzdistribuidora.com.br\/loja\/produto\/dry-confort-shampoo-300ml\/","title":{"rendered":"DRY CONFORT SHAMPOO 300ML -Grandha"},"content":{"rendered":"<h3>Dry Confort Flores &amp; Vegetais<\/h3>\n<p>O kit Dry Confort, da linha de terapia capilar, Flores e Vegetais, \u00e9 a tradicional combina\u00e7\u00e3o da arnica montana, com o capim-lim\u00e3o, potencializados com o \u00f3leo essencial de melaleuca para ra\u00edzes oleosas e pontas secas.<\/p>\n<p>&nbsp;<\/p>\n","protected":false},"excerpt":{"rendered":"<p>Terapia capilar para combate \u00e0 oleosidade excessiva<\/p>\n","protected":false},"featured_media":2462,"comment_status":"open","ping_status":"closed","template":"","meta":[],"product_cat":[491],"product_tag":[44,39,35,29,336,36],"_links":{"self":[{"href":"https:\/\/reluzdistribuidora.com.br\/loja\/wp-json\/wp\/v2\/product\/116"}],"collection":[{"href":"https:\/\/reluzdistribuidora.com.br\/loja\/wp-json\/wp\/v2\/product"}],"about":[{"href":"https:\/\/reluzdistribuidora.com.br\/loja\/wp-json\/wp\/v2\/types\/product"}],"replies":[{"embeddable":true,"href":"https:\/\/reluzdistribuidora.com.br\/loja\/wp-json\/wp\/v2\/comments?post=116"}],"version-history":[{"count":1,"href":"https:\/\/reluzdistribuidora.com.br\/loja\/wp-json\/wp\/v2\/product\/116\/revisions"}],"predecessor-version":[{"id":7527,"href":"https:\/\/reluzdistribuidora.com.br\/loja\/wp-json\/wp\/v2\/product\/116\/revisions\/7527"}],"wp:featuredmedia":[{"embeddable":true,"href":"https:\/\/reluzdistribuidora.com.br\/loja\/wp-json\/wp\/v2\/media\/2462"}],"wp:attachment":[{"href":"https:\/\/reluzdistribuidora.com.br\/loja\/wp-json\/wp\/v2\/media?parent=116"}],"wp:term":[{"taxonomy":"product_cat","embeddable":true,"href":"https:\/\/reluzdistribuidora.com.br\/loja\/wp-json\/wp\/v2\/product_cat?post=116"},{"taxonomy":"product_tag","embeddable":true,"href":"https:\/\/reluzdistribuidora.com.br\/loja\/wp-json\/wp\/v2\/product_tag?post=116"}],"curies":[{"name":"wp","href":"https:\/\/api.w.org\/{rel}","templated":true}]}}